I/ConfigFetchService( 1797): onStartCommand Intent { act=android.intent.action.PACKAGE_ADDED dat=package:com.enchantedage.supercellpop1 cmp=com.google.android.gms/.config.ConfigFetchService (has extras) }
I/ConfigFetchService( 1797): launchTask
I/ConfigService( 1263): onBind returning update interface
I/ConfigService( 1263): onBind for Intent { act=com.google.android.gms.config.START pkg=com.google.android.gms } action com.google.android.gms.config.START
I/ConfigService( 1263): onBind returning service broker
D/ChimeraSrvcProxy( 1797): Creating service proxy ComponentInfo{com.google.android.gms/com.google.android.gms.games.chimera.GamesAsyncServiceProxy}
D/ChimeraSrvcProxy( 1797): Proxying container service ComponentInfo{com.google.android.gms/com.google.android.gms.games.chimera.GamesAsyncServiceProxy} to Chimera service impl com.google.android.gms.games.service.GamesAsyncService
D/ChimeraCfgMgr( 1797): Loading module com.google.android.gms.games from APK com.google.android.gms
I/ConfigFetchService( 1797): service connected
V/ConfigFetchTask( 1797): ConfigFetchTask getDeviceDataVersionInfo(): *
D/ConfigFetchService( 1797): ConfigApi connection successful.
I/GoogleURLConnFactory( 1797): Using platform SSLCertificateSocketFactory
I/ActivityManager( 810): Resuming delayed broadcast
I/ActivityManager( 810): Delay finish: com.google.android.apps.plus/.service.PackageAddedReceiver
D/ChimeraSrvcProxy( 1797): Creating service proxy ComponentInfo{com.google.android.gms/com.google.android.gms.games.chimera.GamesSyncServiceMainProxy}
D/ChimeraSrvcProxy( 1797): Proxying container service ComponentInfo{com.google.android.gms/com.google.android.gms.games.chimera.GamesSyncServiceMainProxy} to Chimera service impl com.google.android.gms.games.service.GamesSyncServiceMain
D/ChimeraCfgMgr( 1797): Loading module com.google.android.gms.games from APK com.google.android.gms
I/ConfigFetchService( 1797): fetch service done; releasing wakelock
I/ConfigFetchService( 1797): stopping self
V/AccountUtils( 1797): 0 accounts found with uca feature
I/ActivityManager( 810): Resuming delayed broadcast
I/UpdateIcingCorporaServi( 3061): Updating corpora: APPS=com.enchantedage.supercellpop1, CONTACTS=MAYBE
I/ActivityManager( 810): Delay finish: com.google.android.googlequicksearchbox/.GelStubAppWatcher
I/ApplicationLogger( 3061): canRun() : Skip Dasher Device
I/UpdateIcingCorporaServi( 3061): UpdateCorporaTask done [took 124 ms] updated apps [took 124 ms]
I/ActivityManager( 810): Resuming delayed broadcast
I/GLSUser ( 1263): [GLSUser] getTokenFromCache: [account: , callingPkg: com.google.android.gms, service: oauth2:https://www.googleapis.com/auth/games.firstparty]
I/Auth.Core( 1263): [TokenCache] Missing snowballing token: no granted scopes set.
I/GLSUser ( 1263): [GLSUser] getTokenFromGoogle [account: , callingPkg: com.google.android.gms, service: oauth2:https://www.googleapis.com/auth/games.firstparty
I/GLSUser ( 1263): [GLSUser] getAuthtoken(, oauth2:https://www.googleapis.com/auth/games.firstparty) -> status: null)
I/GLSUser ( 1263): [GLSUser] Extracting token using key: Auth
W/GLSUser ( 1263): [GLSUser] Permission for com.google.android.gms to access oauth2:https://www.googleapis.com/auth/games.firstparty will be managed locally.
I/Icing ( 1797): Indexing * from com.google.android.googlequicksearchbox
I/Icing ( 1797): Indexing done *
I/GLSUser ( 1263): [GLSUser] getTokenFromCache: [account: , callingPkg: com.google.android.gms, service: oauth2:https://www.googleapis.com/auth/games.firstparty]
I/Auth.Core( 1263): [TokenCache] Missing snowballing token: no granted scopes set.
I/GLSUser ( 1263): [GLSUser] getTokenFromCache: [account: , callingPkg: com.google.android.gms, service: oauth2:https://www.googleapis.com/auth/games.firstparty]
I/Auth.Core( 1263): [TokenCache] Missing snowballing token: no granted scopes set.
I/GLSUser ( 1263): [GLSUser] getTokenFromCache: [account: , callingPkg: com.google.android.gms, service: oauth2:https://www.googleapis.com/auth/games.firstparty]
I/Auth.Core( 1263): [TokenCache] Missing snowballing token: no granted scopes set.
W/EventAgent( 1797): Inserting a local stub for event instance for game 484682052347, event *, and player *
W/EventAgent( 1797): Inserting a local stub for event instance for game 484682052347, event *, and player *
W/EventAgent( 1797): Inserting a local stub for event instance for game 484682052347, event *, and player *
W/EventAgent( 1797): Inserting a local stub for event instance for game 484682052347, event *, and player *
W/EventAgent( 1797): Inserting a local stub for event instance for game 484682052347, event *, and player *
I/GLSUser ( 1263): [GLSUser] getTokenFromCache: [account: , callingPkg: com.google.android.gms, service: oauth2:https://www.googleapis.com/auth/games.firstparty]
I/Auth.Core( 1263): [TokenCache] Missing snowballing token: no granted scopes set.
I/GLSUser ( 1263): [GLSUser] getTokenFromCache: [account: , callingPkg: com.google.android.gms, service: oauth2:https://www.googleapis.com/auth/games.firstparty]
I/Auth.Core( 1263): [TokenCache] Missing snowballing token: no granted scopes set.
D/ChimeraSrvcProxy( 1797): Creating service proxy ComponentInfo{com.google.android.gms/com.google.android.gms.games.chimera.GamesSyncServiceMainProxy}
D/ChimeraSrvcProxy( 1797): Proxying container service ComponentInfo{com.google.android.gms/com.google.android.gms.games.chimera.GamesSyncServiceMainProxy} to Chimera service impl com.google.android.gms.games.service.GamesSyncServiceMain
D/ChimeraCfgMgr( 1797): Loading module com.google.android.gms.games from APK com.google.android.gms
V/AccountUtils( 1797): 0 accounts found with uca feature
I/GLSUser ( 1263): [GLSUser] getTokenFromCache: [account: , callingPkg: com.google.android.gms, service: oauth2:https://www.googleapis.com/auth/games.firstparty]
I/Auth.Core( 1263): [TokenCache] Missing snowballing token: no granted scopes set.
I/GLSUser ( 1263): [GLSUser] getTokenFromGoogle [account: , callingPkg: com.google.android.gms, service: oauth2:https://www.googleapis.com/auth/games.firstparty
I/GLSUser ( 1263): [GLSUser] getAuthtoken(, oauth2:https://www.googleapis.com/auth/games.firstparty) -> status: null)
I/GLSUser ( 1263): [GLSUser] Extracting token using key: Auth
W/GLSUser ( 1263): [GLSUser] Permission for com.google.android.gms to access oauth2:https://www.googleapis.com/auth/games.firstparty will be managed locally.
I/ActivityManager( 810): Killing 17504:com.swiftkey.swiftkeyconfigurator/u0a96 (adj 15): empty #17
I/ConfigService( 1263): onDestroy
I/GLSUser ( 1263): [GLSUser] getTokenFromCache: [account: , callingPkg: com.google.android.gms, service: oauth2:https://www.googleapis.com/auth/games.firstparty]
I/Auth.Core( 1263): [TokenCache] Missing snowballing token: no granted scopes set.
I/GLSUser ( 1263): [GLSUser] getTokenFromCache: [account: , callingPkg: com.google.android.gms, service: oauth2:https://www.googleapis.com/auth/games.firstparty]
I/Auth.Core( 1263): [TokenCache] Missing snowballing token: no granted scopes set.
I/GLSUser ( 1263): [GLSUser] getTokenFromCache: [account: , callingPkg: com.google.android.gms, service: oauth2:https://www.googleapis.com/auth/games.firstparty]
I/Auth.Core( 1263): [TokenCache] Missing snowballing token: no granted scopes set.
W/EventAgent( 1797): Inserting a local stub for event instance for game 484682052347, event *, and player *
W/EventAgent( 1797): Inserting a local stub for event instance for game 484682052347, event *, and player *
W/EventAgent( 1797): Inserting a local stub for event instance for game 484682052347, event *, and player *
W/EventAgent( 1797): Inserting a local stub for event instance for game 484682052347, event *, and player *
W/EventAgent( 1797): Inserting a local stub for event instance for game 484682052347, event *, and player *
I/GLSUser ( 1263): [GLSUser] getTokenFromCache: [account: , callingPkg: com.google.android.gms, service: oauth2:https://www.googleapis.com/auth/games.firstparty]
I/Auth.Core( 1263): [TokenCache] Missing snowballing token: no granted scopes set.
I/GLSUser ( 1263): [GLSUser] getTokenFromCache: [account: , callingPkg: com.google.android.gms, service: oauth2:https://www.googleapis.com/auth/games.firstparty]
I/Auth.Core( 1263): [TokenCache] Missing snowballing token: no granted scopes set.
D/ChimeraSrvcProxy( 1797): Creating service proxy ComponentInfo{com.google.android.gms/com.google.android.gms.games.chimera.GamesSyncServiceMainProxy}
D/ChimeraSrvcProxy( 1797): Proxying container service ComponentInfo{com.google.android.gms/com.google.android.gms.games.chimera.GamesSyncServiceMainProxy} to Chimera service impl com.google.android.gms.games.service.GamesSyncServiceMain
D/ChimeraCfgMgr( 1797): Loading module com.google.android.gms.games from APK com.google.android.gms
V/AccountUtils( 1797): 0 accounts found with uca feature
W/GamesSyncAdapter( 1797): User is not G+ enabled. Aborting sync
D/ChimeraSrvcProxy( 1797): Creating service proxy ComponentInfo{com.google.android.gms/com.google.android.gms.games.chimera.GamesSyncServiceMainProxy}
D/ChimeraSrvcProxy( 1797): Proxying container service ComponentInfo{com.google.android.gms/com.google.android.gms.games.chimera.GamesSyncServiceMainProxy} to Chimera service impl com.google.android.gms.games.service.GamesSyncServiceMain
D/ChimeraCfgMgr( 1797): Loading module com.google.android.gms.games from APK com.google.android.gms
V/AccountUtils( 1797): 0 accounts found with uca feature
W/GamesSyncAdapter( 1797): User is not G+ enabled. Aborting sync
I/dalvikvm(17583): Total arena pages for JIT: 11
I/dalvikvm(17583): Total arena pages for JIT: 12
I/dalvikvm(17583): Total arena pages for JIT: 13
I/dalvikvm(17583): Total arena pages for JIT: 14
D/Finsky (17583): [5831] AppStatesReplicator.handleContentSyncResponse: Completed 0 account content syncs with 0 successful.
D/Finsky (17583): [1] 5.onFinished: Installation state replication succeeded.
I/Babel ( 3984): Creating RTCS
I/Babel ( 3984): Destroying RTCS
I/Babel ( 3984): Creating RTCS
I/Babel ( 3984): Destroying RTCS
I/Babel ( 3984): Creating RTCS
I/Babel ( 3984): Destroying RTCS
I/Timeline( 1222): Timeline: Activity_launch_request id:com.enchantedage.supercellpop1 time:158414200
I/ActivityManager( 810): START u0 {act=android.intent.action.MAIN cat=[android.intent.category.LAUNCHER] flg=0x10200000 cmp=com.enchantedage.supercellpop1/com.epicgames.ue4.GameActivity} from pid 1222
W/BroadcastQueue( 810): Permission Denial: broadcasting Intent { act=com.android.launcher3.action.LAUNCH flg=0x10 (has extras) } from com.cyanogenmod.trebuchet (pid=1222, uid=10025) requires com.google.android.launcher.permission.RECEIVE_LAUNCH_BROADCASTS due to receiver com.google.android.googlequicksearchbox/com.google.android.search.core.icingsync.ApplicationLaunchReceiver
W/BroadcastQueue( 810): Permission Denial: receiving Intent { act=com.android.launcher3.action.LAUNCH flg=0x10 (has extras) } to com.google.android.googlequicksearchbox/com.google.android.search.core.icingsync.ApplicationLaunchReceiver requires com.android.launcher3.permission.RECEIVE_LAUNCH_BROADCASTS due to sender com.cyanogenmod.trebuchet (uid 10025)
V/Zygote (17840): Switching descriptor 34 to /dev/null
V/Zygote (17840): Switching descriptor 9 to /dev/null
D/dalvikvm(17840): Late-enabling CheckJNI
I/ActivityManager( 810): Start proc com.enchantedage.supercellpop1 for activity com.enchantedage.supercellpop1/com.epicgames.ue4.GameActivity: pid=17840 uid=10162 gids={50162, 3003, 1028, 1015}
I/dalvikvm(17840): Enabling JNI app bug workarounds for target SDK version 9...
I/InputReader( 810): Reconfiguring input devices. changes=0x00000004
I/InputReader( 810): Device reconfigured: id=5, name='synaptics-rmi-ts', size 1080x1920, orientation 1, mode 1, display id 0
I/ActivityManager( 810): Config changes=480 {1.0 310mcc410mnc en_US ldltr sw360dp w640dp h335dp 480dpi nrml long land finger -keyb/v/h -nav/h s.95 themeResource=null}
D/PhoneStatusBar( 1017): mSettingsPanelGravity = 55
D/ActivityThread(17840): handleBindApplication:com.enchantedage.supercellpop1
D/ActivityThread(17840): setTargetHeapUtilization:0.75
D/ActivityThread(17840): setTargetHeapMinFree:2097152
D/dalvikvm(17840): Trying to load lib /data/app-lib/com.enchantedage.supercellpop1-1/libgnustl_shared.so 0x425c2838
D/dalvikvm(17840): Added shared lib /data/app-lib/com.enchantedage.supercellpop1-1/libgnustl_shared.so 0x425c2838
D/dalvikvm(17840): No JNI_OnLoad found in /data/app-lib/com.enchantedage.supercellpop1-1/libgnustl_shared.so 0x425c2838, skipping init
D/dalvikvm(17840): Trying to load lib /data/app-lib/com.enchantedage.supercellpop1-1/libUE4.so 0x425c2838
D/dalvikvm(17840): Added shared lib /data/app-lib/com.enchantedage.supercellpop1-1/libUE4.so 0x425c2838
D/UE4 (17840): In the JNI_OnLoad function
D/UE4 (17840): Path found as '/storage/emulated/0'
D/UE4 (17840): Font Path found as '/system/fonts/'
D/UE4 (17840): In the JNI_OnLoad function 5
D/UE4 (17840): Entering native app glue main function
D/UE4 (17840): Created event thread
D/UE4 (17840): Entered AndroidMain()
D/UE4 (17840): Entering event processing thread engine entry point
D/UE4 (17840): Prepared looper for event thread
D/UE4 (17840): Passed callback initialization
D/UE4 (17840): Controller interface supported
D/UE4 (17840): Found DepthBufferPreference = 0
D/UE4 (17840): Found bPackageDataInsideApk = 0
D/UE4 (17840): Found ProjectName = SuperBubblePop
D/UE4 (17840): Asking if osOBBInAPK? false
D/UE4 (17840): App is running in Landscape
D/UE4 (17840): Android version is 4.4.4
D/UE4 (17840): Android manufacturer is OnePlus
D/UE4 (17840): Android model is A0001
D/UE4 (17840): OS language is set to en_US
D/UE4 (17840): Passed sensor initialization
D/UE4 (17840): Final commandline:
D/UE4 (17840): Created sync event
D/UE4 (17840): ==============> GameActive.onCreate complete!
D/UE4 (17840): ==================================> Inside onStart function in GameActivity
D/UE4 (17840): OnAppCommandCB cmd: 10
D/UE4 (17840): LogAndroidEvents: EnqueueAppEvent : 9, 0
D/UE4 (17840): OnAppCommandCB cmd: 11
D/UE4 (17840): LogAndroidEvents: EnqueueAppEvent : 7, 0
D/UE4 (17840): OnAppCommandCB cmd: 0
D/UE4 (17840): OnAppCommandCB cmd: 1
D/UE4 (17840): LogAndroidEvents: EnqueueAppEvent : 0, 1901880872
D/UE4 (17840): LogAndroidEvents: EnqueueAppEvent : 2, 1901880872
D/UE4 (17840): OnAppCommandCB cmd: 6
D/UE4 (17840): LogAndroidEvents: EnqueueAppEvent : 11, 0
W/IInputConnectionWrapper( 1222): showStatusIcon on inactive InputConnection
I/Timeline(17840): Timeline: Activity_idle id: android.os.BinderProxy@425b3ad0 time:158414661
D/UE4 (17840): Mounted OBB '/storage/emulated/0/obb/com.enchantedage.supercellpop1/main.10003.com.enchantedage.supercellpop1.obb'
I/ActivityManager( 810): Displayed com.enchantedage.supercellpop1/com.epicgames.ue4.GameActivity: +442ms
I/Timeline( 810): Timeline: Activity_windows_visible id: ActivityRecord{41e62940 u0 com.enchantedage.supercellpop1/com.epicgames.ue4.GameActivity t75} time:158414674
V/PhoneStatusBar( 1017): setLightsOn(true)
I/WindowManager( 810): Screen frozen for +496ms due to Window{42c1e2d0 u0 StatusBar}
I/Adreno-EGL(17840): : EGL 1.4 QUALCOMM build: AU_LINUX_ANDROID_LNX.LA.3.5.2.2_RB1.04.04.04.087.028_msm8974_LNX.LA.3.5.2.2_RB1__release_AU ()
I/Adreno-EGL(17840): OpenGL ES Shader Compiler Version: E031.24.00.15
I/Adreno-EGL(17840): Build Date: 07/31/14 Thu I/Adreno-EGL(17840): Local Branch:
I/Adreno-EGL(17840): Remote Branch: quic/LNX.LA.3.5.2.2_rb1
I/Adreno-EGL(17840): Local Patches: NONE
I/Adreno-EGL(17840): Reconstruct Branch: AU_LINUX_ANDROID_LNX.LA.3.5.2.2_RB1.04.04.04.087.028 + NOTHING
D/UE4 (17840): EGL Extensions:
D/UE4 (17840): EGL_KHR_get_all_proc_addresses EGL_ANDROID_presentation_time EGL_KHR_image EGL_KHR_image_base EGL_KHR_lock_surface EGL_KHR_gl_texture_2D_image EGL_KHR_gl_texture_cubemap_image EGL_KHR_gl_renderbuffer_image EGL_KHR_fence_sync EGL_KHR_create_context EGL_EXT_create_context_robustness EGL_ANDROID_image_native_buffer EGL_KHR_wait_sync EGL_ANDROID_recordable
W/Adreno-EGL(17840): : EGL_BAD_ATTRIBUTE
W/Adreno-EGL(17840): : EGL_BAD_ATTRIBUTE
W/Adreno-EGL(17840): : EGL_BAD_ATTRIBUTE
W/Adreno-EGL(17840): : EGL_BAD_ATTRIBUTE
W/Adreno-EGL(17840): : EGL_BAD_ATTRIBUTE
W/Adreno-EGL(17840): : EGL_BAD_ATTRIBUTE
W/Adreno-EGL(17840): : EGL_BAD_ATTRIBUTE
W/Adreno-EGL(17840): : EGL_BAD_ATTRIBUTE
W/Adreno-EGL(17840): : EGL_BAD_ATTRIBUTE
W/Adreno-EGL(17840): : EGL_BAD_ATTRIBUTE
W/Adreno-EGL(17840): : EGL_BAD_ATTRIBUTE
W/Adreno-EGL(17840): : EGL_BAD_ATTRIBUTE
W/Adreno-EGL(17840): : EGL_BAD_ATTRIBUTE
W/Adreno-EGL(17840): : EGL_BAD_ATTRIBUTE
W/Adreno-EGL(17840): : EGL_BAD_ATTRIBUTE
W/Adreno-EGL(17840): : EGL_BAD_ATTRIBUTE
W/Adreno-EGL(17840): : EGL_BAD_ATTRIBUTE
W/Adreno-EGL(17840): : EGL_BAD_ATTRIBUTE
D/UE4 (17840): FOnlineSubsystemAndroid::Init
V/GamesNativeSDK(17840): Using classes from /data/data/com.enchantedage.supercellpop1/app_.gpg.classloader/b6757673c393a41909bbab0d950640e3.jar.
D/dalvikvm(17840): DexOpt: --- BEGIN 'b6757673c393a41909bbab0d950640e3.jar' (bootstrap=0) ---
D/dalvikvm(17868): DexOpt: load 2ms, verify+opt 0ms, 90428 bytes
D/dalvikvm(17840): DexOpt: --- END 'b6757673c393a41909bbab0d950640e3.jar' (success) ---
D/dalvikvm(17840): DEX prep '/data/data/com.enchantedage.supercellpop1/app_.gpg.classloader/b6757673c393a41909bbab0d950640e3.jar': unzip in 0ms, rewrite 45ms
W/PopupManager(17840): You have not specified a View to use as content view for popups. Falling back to the Activity content view which may not work properly in future versions of the API. Use setViewForPopups() to set your content view.
I/GamesNativeSDK(17840): Connecting to Google Play...
V/GamesNativeSDK(17840): Attached to JVM on thread main_dispatch
D/ChimeraSrvcProxy( 1797): Creating service proxy ComponentInfo{com.google.android.gms/com.google.android.gms.games.chimera.GamesAndroidServiceProxy}
D/ChimeraSrvcProxy( 1797): Proxying container service ComponentInfo{com.google.android.gms/com.google.android.gms.games.chimera.GamesAndroidServiceProxy} to Chimera service impl com.google.android.gms.games.service.GamesAndroidService
D/ChimeraCfgMgr( 1797): Loading module com.google.android.gms.games from APK com.google.android.gms
D/ChimeraSrvcProxy( 1797): Creating service proxy ComponentInfo{com.google.android.gms/com.google.android.gms.games.chimera.GamesAsyncServiceProxy}
D/ChimeraSrvcProxy( 1797): Proxying container service ComponentInfo{com.google.android.gms/com.google.android.gms.games.chimera.GamesAsyncServiceProxy} to Chimera service impl com.google.android.gms.games.service.GamesAsyncService
D/ChimeraCfgMgr( 1797): Loading module com.google.android.gms.games from APK com.google.android.gms
V/GamesNativeSDK(17840): Play Games callback indicates connection failure.
I/GamesNativeSDK(17840): UI interaction required to connect to Google Play.
I/GamesNativeSDK(17840): Connecting to Google Play...
V/GamesNativeSDK(17840): Play Games callback indicates connection failure.
I/GamesNativeSDK(17840): UI interaction required to connect to Google Play.
I/GamesNativeSDK(17840): Resolving connection.
I/ActivityManager( 810): START u0 {flg=0x4000000 cmp=com.google.android.gms/.games.ui.signin.SignInActivity (has extras)} from pid -1
D/UE4 (17840): OnAppCommandCB cmd: 12
D/UE4 (17840): LogAndroidEvents: EnqueueAppEvent : 12, 0
D/UE4 (17840): OnAppCommandCB cmd: 13
D/UE4 (17840): LogAndroidEvents: EnqueueAppEvent : 6, 0
V/Zygote (17874): Switching descriptor 34 to /dev/null
V/Zygote (17874): Switching descriptor 9 to /dev/null
D/UE4 (17840): OnAppCommandCB cmd: 7
D/UE4 (17840): LogAndroidEvents: EnqueueAppEvent : 10, 0
I/ActivityManager( 810): Start proc com.google.android.gms.ui for activity com.google.android.gms/.games.ui.signin.SignInActivity: pid=17874 uid=10013 gids={50013, 3003, 1007, 1028, 1015, 1006, 3002, 3001, 3007, 2001, 3006}
D/ActivityThread(17874): handleBindApplication:com.google.android.gms.ui
D/ActivityThread(17874): setTargetHeapUtilization:0.75
D/ActivityThread(17874): setTargetHeapMinFree:2097152
W/dalvikvm(17874): VFY: unable to resolve static field 638 (PR_SET_DUMPABLE) in Landroid/system/OsConstants;
D/dalvikvm(17874): VFY: replacing opcode 0x60 at 0x000b
I/MultiDex(17874): VM with version 1.6.0 does not have multidex support
I/MultiDex(17874): install
I/MultiDex(17874): MultiDexExtractor.load(/data/app/com.google.android.gms-2.apk, false)
I/MultiDex(17874): loading existing secondary dex files
I/MultiDex(17874): load found 3 secondary dex files
I/MultiDex(17874): install done
I/ProviderInstaller(17874): Insert disabled by gate 'gms:security:enable_conscrypt_in_gms_application'
D/GCM ( 1263): GcmService start Intent { act=com.google.android.gms.INITIALIZE flg=0x10 pkg=com.google.android.gms cmp=com.google.android.gms/.gcm.GcmService } com.google.android.gms.INITIALIZE
D/AuthorizationBluetoothService( 1263): Received GmsCore event: Intent { act=com.google.android.gms.INITIALIZE flg=0x10 pkg=com.google.android.gms cmp=com.google.android.gms/.auth.be.proximity.authorization.bt.AuthorizationBluetoothService$AutoStarter }.
E/AuthorizationBluetoothService( 1263): Proximity feature is not enabled.
V/GmsCoreStatsServiceLauncher( 1797): Received broadcast intent Intent { act=com.google.android.gms.INITIALIZE flg=0x10 pkg=com.google.android.gms cmp=com.google.android.gms/.common.stats.GmsCoreStatsServiceLauncher }
W/dalvikvm(17874): VFY: unable to find class referenced in signature (Landroid/app/SharedElementCallback;)
I/dalvikvm(17874): Could not find method android.app.Activity.setEnterSharedElementCallback, referenced from method android.support.v4.app.q.setEnterSharedElementCallback
W/dalvikvm(17874): VFY: unable to resolve virtual method 86: Landroid/app/Activity;.setEnterSharedElementCallback (Landroid/app/SharedElementCallback;)V
D/dalvikvm(17874): VFY: replacing opcode 0x6e at 0x000e
W/dalvikvm(17874): VFY: unable to find class referenced in signature (Landroid/app/SharedElementCallback;)
I/dalvikvm(17874): Could not find method android.app.Activity.setExitSharedElementCallback, referenced from method android.support.v4.app.q.setExitSharedElementCallback
W/dalvikvm(17874): VFY: unable to resolve virtual method 87: Landroid/app/Activity;.setExitSharedElementCallback (Landroid/app/SharedElementCallback;)V
D/dalvikvm(17874): VFY: replacing opcode 0x6e at 0x000e
I/dalvikvm(17874): Could not find method android.app.Activity.finishAfterTransition, referenced from method android.support.v4.app.q.supportFinishAfterTransition
W/dalvikvm(17874): VFY: unable to resolve virtual method 47: Landroid/app/Activity;.finishAfterTransition ()V
D/dalvikvm(17874): VFY: replacing opcode 0x6e at 0x0006
I/dalvikvm(17874): Could not find method android.app.Activity.postponeEnterTransition, referenced from method android.support.v4.app.q.supportPostponeEnterTransition
W/dalvikvm(17874): VFY: unable to resolve virtual method 81: Landroid/app/Activity;.postponeEnterTransition ()V
D/dalvikvm(17874): VFY: replacing opcode 0x6e at 0x0006
I/dalvikvm(17874): Could not find method android.app.Activity.startPostponedEnterTransition, referenced from method android.support.v4.app.q.supportStartPostponedEnterTransition
W/dalvikvm(17874): VFY: unable to resolve virtual method 95: Landroid/app/Activity;.startPostponedEnterTransition ()V
D/dalvikvm(17874): VFY: replacing opcode 0x6e at 0x0006
D/LocationInitializer( 1797): Restart initialization of location
D/WearableService(17551): callingUid 10013, callindPid: 17551
E/MDM ( 1143): [69] b.run: Couldn't connect to Google API client: ConnectionResult{statusCode=API_UNAVAILABLE, resolution=null}
D/ChimeraSrvcProxy( 1797): Creating service proxy ComponentInfo{com.google.android.gms/com.google.android.gms.games.chimera.GamesSignInServiceProxy}
D/ChimeraSrvcProxy( 1797): Proxying container service ComponentInfo{com.google.android.gms/com.google.android.gms.games.chimera.GamesSignInServiceProxy} to Chimera service impl com.google.android.gms.games.service.GamesSignInService
D/ChimeraCfgMgr( 1797): Loading module com.google.android.gms.games from APK com.google.android.gms
I/dalvikvm(17874): Could not find method android.view.View.getTransitionName, referenced from method android.support.v4.app.f.a
W/dalvikvm(17874): VFY: unable to resolve virtual method 2791: Landroid/view/View;.getTransitionName ()Ljava/lang/String;
D/dalvikvm(17874): VFY: replacing opcode 0x6e at 0x0021
W/dalvikvm(17874): Unable to resolve superclass of Landroid/support/v4/app/am; (462)
W/dalvikvm(17874): Link of class 'Landroid/support/v4/app/am;' failed
E/dalvikvm(17874): Could not find class 'android.support.v4.app.am', referenced from method android.support.v4.app.f.a
W/dalvikvm(17874): VFY: unable to resolve new-instance 281 (Landroid/support/v4/app/am;) in Landroid/support/v4/app/f;
D/dalvikvm(17874): VFY: replacing opcode 0x22 at 0x016a
I/dalvikvm(17874): Could not find method android.view.View.getTransitionName, referenced from method android.support.v4.app.f.b
W/dalvikvm(17874): VFY: unable to resolve virtual method 2791: Landroid/view/View;.getTransitionName ()Ljava/lang/String;
D/dalvikvm(17874): VFY: replacing opcode 0x6e at 0x0014
W/dalvikvm(17874): Unable to resolve superclass of Landroid/support/v4/app/am; (462)
W/dalvikvm(17874): Link of class 'Landroid/support/v4/app/am;' failed
D/dalvikvm(17874): DexOpt: unable to opt direct call 0x0521 at 0x16c in Landroid/support/v4/app/f;.a
I/Adreno-EGL(17874): : EGL 1.4 QUALCOMM build: AU_LINUX_ANDROID_LNX.LA.3.5.2.2_RB1.04.04.04.087.028_msm8974_LNX.LA.3.5.2.2_RB1__release_AU ()
I/Adreno-EGL(17874): OpenGL ES Shader Compiler Version: E031.24.00.15
I/Adreno-EGL(17874): Build Date: 07/31/14 Thu I/Adreno-EGL(17874): Local Branch:
I/Adreno-EGL(17874): Remote Branch: quic/LNX.LA.3.5.2.2_rb1
I/Adreno-EGL(17874): Local Patches: NONE
I/Adreno-EGL(17874): Reconstruct Branch: AU_LINUX_ANDROID_LNX.LA.3.5.2.2_RB1.04.04.04.087.028 + NOTHING
D/OpenGLRenderer(17874): Enabling debug mode 0
I/dalvikvm(17874): Could not find method android.content.pm.PackageManager.getPackageInstaller, referenced from method com.google.android.gms.common.hg.a
W/dalvikvm(17874): VFY: unable to resolve virtual method 449: Landroid/content/pm/PackageManager;.getPackageInstaller ()Landroid/content/pm/PackageInstaller;
D/dalvikvm(17874): VFY: replacing opcode 0x6e at 0x000d
I/dalvikvm(17874): Could not find method android.app.ActivityOptions.makeSceneTransitionAnimation, referenced from method com.google.android.gms.games.ui.e.am.a
W/dalvikvm(17874): VFY: unable to resolve static method 49: Landroid/app/ActivityOptions;.makeSceneTransitionAnimation (Landroid/app/Activity;[Landroid/util/Pair;)Landroid/app/ActivityOptions;
D/dalvikvm(17874): VFY: replacing opcode 0x71 at 0x002e
W/InputMethodManager(17874): Ignoring onBind: cur seq=1117, given seq=1116
I/ActivityManager( 810): Displayed com.google.android.gms/.games.ui.signin.SignInActivity: +607ms
I/Timeline( 810): Timeline: Activity_windows_visible id: ActivityRecord{41e7df90 u0 com.google.android.gms/.games.ui.signin.SignInActivity t75} time:158416015
I/Timeline(17874): Timeline: Activity_idle id: android.os.BinderProxy@425b49f0 time:158416051
D/UE4 (17840): [2015.04.24-00.39.20:573][ 0]LogEngine:Display: Android Version Make Model Language: 4.4.4 OnePlus A0001 en_US
D/UE4 (17840): [2015.04.24-00.39.20:573][ 0]LogAndroid: Case APP_CMD_START
D/UE4 (17840): [2015.04.24-00.39.20:574][ 0]LogAndroid: Case APP_CMD_RESUME
D/UE4 (17840): [2015.04.24-00.39.20:574][ 0]LogAndroid: Case APP_CMD_INPUT_CHANGED
D/UE4 (17840): [2015.04.24-00.39.20:574][ 0]LogAndroid: Case APP_CMD_INIT_WINDOW
D/UE4 (17840): [2015.04.24-00.39.20:574][ 0]LogAndroid: Case APP_CMD_GAINED_FOCUS
D/UE4 (17840): [2015.04.24-00.39.20:574][ 0]LogInit:Display: Running engine for game: SuperBubblePop
D/UE4 (17840): [2015.04.24-00.39.20:574][ 0]LogInit:Display: Project file not found: ../../../SuperBubblePop/SuperBubblePop.uproject
D/UE4 (17840): [2015.04.24-00.39.20:574][ 0]LogInit:Display: Attempting to find via project info helper.
D/UE4 (17840): [2015.04.24-00.39.20:574][ 0]LogUProjectInfo: Found projects:
D/UE4 (17840): [2015.04.24-00.39.20:574][ 0]LogInit: Version: 4.7.6-2513093+++depot+UE4-Releases+4.7
D/UE4 (17840): [2015.04.24-00.39.20:574][ 0]LogInit: API Version: 2455222
D/UE4 (17840): [2015.04.24-00.39.20:574][ 0]LogInit: Compiled (32-bit): Apr 15 2015 12:02:01
D/UE4 (17840): [2015.04.24-00.39.20:574][ 0]LogInit: Compiled with Clang: 3.3
D/UE4 (17840): [2015.04.24-00.39.20:574][ 0]LogInit: Build Configuration: Development
D/UE4 (17840): [2015.04.24-00.39.20:575][ 0]LogInit: Branch Name: ++depot+UE4-Releases+4.7
D/UE4 (17840): [2015.04.24-00.39.20:575][ 0]LogInit: Command line:
D/UE4 (17840): [2015.04.24-00.39.20:575][ 0]LogInit: Base directory:
D/UE4 (17840): [2015.04.24-00.39.20:575][ 0]LogInit: Rocket: 1
D/UE4 (17840): [2015.04.24-00.39.20:575][ 0]LogTaskGraph: Started task graph with 3 named threads and 6 total threads.
D/UE4 (17840): [2015.04.24-00.39.20:575][ 0]LogOnline:Display: OnlineSubsystemGooglePlayModule::StartupModule()
D/UE4 (17840): [2015.04.24-00.39.20:575][ 0]LogOnline:Display: FOnlineIdentityAndroid::FOnlineIdentityAndroid()
D/UE4 (17840): [2015.04.24-00.39.20:575][ 0]LogAndroid: Case APP_CMD_SAVE_STATE
D/UE4 (17840): [2015.04.24-00.39.20:575][ 0]LogAndroid: Case APP_CMD_PAUSE
D/UE4 (17840): [2015.04.24-00.39.20:575][ 0]LogAndroid: Case APP_CMD_LOST_FOCUS
D/UE4 (17840): [2015.04.24-00.39.20:575][ 0]LogInit: Presizing for 0 objects not considered by GC, pre-allocating 0 bytes.
D/UE4 (17840): [2015.04.24-00.39.20:575][ 0]LogInit: Object subsystem initialized
D/UE4 (17840): [2015.04.24-00.39.20:575][ 0]LogConsoleResponse:Warning: Skipping Unknown console variable: 'r.TextureStreaming = True'
D/UE4 (17840): [2015.04.24-00.39.20:576][ 0]LogConsoleResponse:Warning: Found in ini file '../../../SuperBubblePop/Saved/Config/Android/Engine.ini', in section '[/Script/Engine.RendererSettings]'
D/UE4 (17840): [2015.04.24-00.39.20:576][ 0]LogConsoleResponse:Warning: Skipping Unknown console variable: 'TranslucentSortAxis = (X=0.000000,Y=-1.000000,Z=0.000000)'
D/UE4 (17840): [2015.04.24-00.39.20:576][ 0]LogConsoleResponse:Warning: Found in ini file '../../../SuperBubblePop/Saved/Config/Android/Engine.ini', in section '[/Script/Engine.RendererSettings]'
D/UE4 (17840): [2015.04.24-00.39.20:576][ 0]LogConsoleResponse:Warning: Skipping Unknown console variable: 'UIScaleRule = ShortestSide'
D/UE4 (17840): [2015.04.24-00.39.20:576][ 0]LogConsoleResponse:Warning: Found in ini file '../../../SuperBubblePop/Saved/Config/Android/Engine.ini', in section '[/Script/Engine.RendererSettings]'
D/UE4 (17840): [2015.04.24-00.39.20:576][ 0]LogConsoleResponse:Warning: Skipping Unknown console variable: 'UIScaleCurve = (EditorCurveData=(Keys=),ExternalCurve=None)'
D/UE4 (17840): [2015.04.24-00.39.20:576][ 0]LogConsoleResponse:Warning: Found in ini file '../../../SuperBubblePop/Saved/Config/Android/Engine.ini', in section '[/Script/Engine.RendererSettings]'
D/UE4 (17840): [2015.04.24-00.39.20:576][ 0]LogAndroid: Setting Width=1280 and Height=720 (requested scale = 1.000000)
D/UE4 (17840): [2015.04.24-00.39.20:576][ 0]LogAndroid: Default profile:Android GPUFamily:Adreno (TM) 330
D/UE4 (17840): [2015.04.24-00.39.20:576][ 0]LogAndroid: Selected Device Profile: [Android_Adreno330_Ver53]
D/UE4 (17840): [2015.04.24-00.39.20:576][ 0]LogInit: Applying CVar settings loaded from the selected device profile: [Android_Adreno330_Ver53]
D/UE4 (17840): [2015.04.24-00.39.20:576][ 0]LogInit: Setting Device Profile CVar: [[r.DisjointTimerQueries:1]]
D/UE4 (17840): [2015.04.24-00.39.20:576][ 0]LogInit: Setting Device Profile CVar: [[r.BloomQuality:1]]
D/UE4 (17840): [2015.04.24-00.39.20:577][ 0]LogInit: Setting Device Profile CVar: [[r.DepthOfFieldQuality:1]]
D/UE4 (17840): [2015.04.24-00.39.20:577][ 0]LogInit: Setting Device Profile CVar: [[r.LightShaftQuality:1]]
D/UE4 (17840): [2015.04.24-00.39.20:577][ 0]LogInit: Setting Device Profile CVar: [[r.MobileContentScaleFactor:1.0]]
D/UE4 (17840): [2015.04.24-00.39.20:577][ 0]LogInit: Setting Device Profile CVar: [[r.RefractionQuality:0]]
D/UE4 (17840): [2015.04.24-00.39.20:577][ 0]LogInit: Memory total: Physical=2883.46MB (3GB approx) Available=2883.46MB PageSize=4.0KB
D/UE4 (17840): [2015.04.24-00.39.20:577][ 0]LogRHI:Warning: OpenGL debug output extension not supported!
D/UE4 (17840): [2015.04.24-00.39.20:577][ 0]LogRHI:Warning: OpenGL debug output extension not supported!
D/UE4 (17840): [2015.04.24-00.39.20:577][ 0]LogRHI: Initializing OpenGL RHI
D/UE4 (17840): [2015.04.24-00.39.20:577][ 0]LogRHI: GL_VENDOR: Qualcomm
D/UE4 (17840): [2015.04.24-00.39.20:577][ 0]LogRHI: GL_RENDERER: Adreno (TM) 330
D/UE4 (17840): [2015.04.24-00.39.20:577][ 0]LogRHI: GL_VERSION: OpenGL ES 3.0 V@66.0 AU@04.04.04.087.028 (CL@)
D/UE4 (17840): [2015.04.24-00.39.20:577][ 0]LogRHI: GL_SHADING_LANGUAGE_VERSION: OpenGL ES GLSL ES 3.00
D/UE4 (17840): [2015.04.24-00.39.20:578][ 0]LogRHI: OpenGL Extensions:
D/UE4 (17840): [2015.04.24-00.39.20:578][ 0]LogRHI: GL_AMD_compressed_ATC_texture
D/UE4 (17840): [2015.04.24-00.39.20:578][ 0]LogRHI: GL_AMD_performance_monitor
D/UE4 (17840): [2015.04.24-00.39.20:578][ 0]LogRHI: GL_AMD_program_binary_Z400
D/UE4 (17840): [2015.04.24-00.39.20:578][ 0]LogRHI: GL_EXT_debug_label
D/UE4 (17840): [2015.04.24-00.39.20:578][ 0]LogRHI: GL_EXT_debug_marker
D/UE4 (17840): [2015.04.24-00.39.20:578][ 0]LogRHI: GL_EXT_discard_framebuffer
D/UE4 (17840): [2015.04.24-00.39.20:578][ 0]LogRHI: GL_EXT_robustness
D/UE4 (17840): [2015.04.24-00.39.20:578][ 0]LogRHI: GL_EXT_texture_format_BGRA8888
D/UE4 (17840): [2015.04.24-00.39.20:578][ 0]LogRHI: GL_EXT_texture_type_2_10_10_10_REV
D/UE4 (17840): [2015.04.24-00.39.20:578][ 0]LogRHI: GL_NV_fence
D/UE4 (17840): [2015.04.24-00.39.20:578][ 0]LogRHI: GL_OES_compressed_ETC1_RGB8_texture
D/UE4 (17840): [2015.04.24-00.39.20:578][ 0]LogRHI: GL_OES_depth_texture
D/UE4 (17840): [2015.04.24-00.39.20:579][ 0]LogRHI: GL_OES_depth24
D/UE4 (17840): [2015.04.24-00.39.20:579][ 0]LogRHI: GL_OES_EGL_image
D/UE4 (17840): [2015.04.24-00.39.20:579][ 0]LogRHI: GL_OES_EGL_image_external
D/UE4 (17840): [2015.04.24-00.39.20:579][ 0]LogRHI: GL_OES_element_index_uint
D/UE4 (17840): [2015.04.24-00.39.20:579][ 0]LogRHI: GL_OES_fbo_render_mipmap
D/UE4 (17840): [2015.04.24-00.39.20:579][ 0]LogRHI: GL_OES_fragment_precision_high
D/UE4 (17840): [2015.04.24-00.39.20:579][ 0]LogRHI: GL_OES_get_program_binary
D/UE4 (17840): [2015.04.24-00.39.20:579][ 0]LogRHI: GL_OES_packed_depth_stencil
D/UE4 (17840): [2015.04.24-00.39.20:579][ 0]LogRHI: GL_OES_depth_texture_cube_map
D/UE4 (17840): [2015.04.24-00.39.20:579][ 0]LogRHI: GL_OES_rgb8_rgba8
D/UE4 (17840): [2015.04.24-00.39.20:579][ 0]LogRHI: GL_OES_standard_derivatives
D/UE4 (17840): [2015.04.24-00.39.20:579][ 0]LogRHI: GL_OES_texture_3D
D/UE4 (17840): [2015.04.24-00.39.20:579][ 0]LogRHI: GL_OES_texture_float
D/UE4 (17840): [2015.04.24-00.39.20:579][ 0]LogRHI: GL_OES_texture_half_float
D/UE4 (17840): [2015.04.24-00.39.20:579][ 0]LogRHI: GL_OES_texture_half_float_linear
D/UE4 (17840): [2015.04.24-00.39.20:580][ 0]LogRHI: GL_OES_texture_npot
D/UE4 (17840): [2015.04.24-00.39.20:580][ 0]LogRHI: GL_OES_vertex_half_float
D/UE4 (17840): [2015.04.24-00.39.20:580][ 0]LogRHI: GL_OES_vertex_type_10_10_10_2
D/UE4 (17840): [2015.04.24-00.39.20:580][ 0]LogRHI: GL_OES_vertex_array_object
D/UE4 (17840): [2015.04.24-00.39.20:580][ 0]LogRHI: GL_QCOM_alpha_test
D/UE4 (17840): [2015.04.24-00.39.20:580][ 0]LogRHI: GL_QCOM_binning_control
D/UE4 (17840): [2015.04.24-00.39.20:580][ 0]LogRHI: GL_QCOM_driver_control
D/UE4 (17840): [2015.04.24-00.39.20:580][ 0]LogRHI: GL_QCOM_perfmon_global_mode
D/UE4 (17840): [2015.04.24-00.39.20:580][ 0]LogRHI: GL_QCOM_extended_get
D/UE4 (17840): [2015.04.24-00.39.20:580][ 0]LogRHI: GL_QCOM_extended_get2
D/UE4 (17840): [2015.04.24-00.39.20:580][ 0]LogRHI: GL_QCOM_tiled_rendering
D/UE4 (17840): [2015.04.24-00.39.20:580][ 0]LogRHI: GL_QCOM_writeonly_rendering
D/UE4 (17840): [2015.04.24-00.39.20:580][ 0]LogRHI: GL_EXT_sRGB
D/UE4 (17840): [2015.04.24-00.39.20:580][ 0]LogRHI: GL_EXT_sRGB_write_control
D/UE4 (17840): [2015.04.24-00.39.20:581][ 0]LogRHI: GL_EXT_texture_sRGB_decode
D/UE4 (17840): [2015.04.24-00.39.20:581][ 0]LogRHI: GL_EXT_texture_filter_anisotropic
D/UE4 (17840): [2015.04.24-00.39.20:581][ 0]LogRHI: GL_EXT_multisampled_render_to_texture
D/UE4 (17840): [2015.04.24-00.39.20:581][ 0]LogRHI: GL_EXT_color_buffer_float
D/UE4 (17840): [2015.04.24-00.39.20:581][ 0]LogRHI: GL_EXT_color_buffer_half_float
D/UE4 (17840): [2015.04.24-00.39.20:581][ 0]LogRHI: GL_EXT_disjoint_timer_query
D/UE4 (17840): [2015.04.24-00.39.20:581][ 0]LogRHI: GL_MAX_VERTEX_UNIFORM_VECTORS: 256
D/UE4 (17840): [2015.04.24-00.39.20:581][ 0]LogRHI: GL_MAX_FRAGMENT_UNIFORM_VECTORS: 224
D/UE4 (17840): [2015.04.24-00.39.20:581][ 0]LogRHI: Fragment shader lowp precision: 10
D/UE4 (17840): [2015.04.24-00.39.20:581][ 0]LogRHI: Fragment shader mediump precision: 10
D/UE4 (17840): [2015.04.24-00.39.20:581][ 0]LogRHI: Fragment shader highp precision: 23
D/UE4 (17840): [2015.04.24-00.39.20:581][ 0]LogRHI: GL_MAX_TEXTURE_SIZE: 4096
D/UE4 (17840): [2015.04.24-00.39.20:581][ 0]LogRHI: GL_MAX_CUBE_MAP_TEXTURE_SIZE: 4096
D/UE4 (17840): [2015.04.24-00.39.20:582][ 0]LogRHI: GL_MAX_ARRAY_TEXTURE_LAYERS: 256
D/UE4 (17840): [2015.04.24-00.39.20:582][ 0]LogRHI: GL_MAX_RENDERBUFFER_SIZE: 4096
D/UE4 (17840): [2015.04.24-00.39.20:582][ 0]LogRHI: GL_MAX_TEXTURE_IMAGE_UNITS: 16
D/UE4 (17840): [2015.04.24-00.39.20:582][ 0]LogRHI: GL_MAX_COLOR_ATTACHMENTS: 1
D/UE4 (17840): [2015.04.24-00.39.20:582][ 0]LogRHI: GL_MAX_SAMPLES: 1
D/UE4 (17840): [2015.04.24-00.39.20:582][ 0]LogRHI: GL_MAX_COLOR_TEXTURE_SAMPLES: 1
D/UE4 (17840): [2015.04.24-00.39.20:582][ 0]LogRHI: GL_MAX_DEPTH_TEXTURE_SAMPLES: 1
D/UE4 (17840): [2015.04.24-00.39.20:582][ 0]LogRHI: GL_MAX_INTEGER_SAMPLES: 1
D/UE4 (17840): [2015.04.24-00.39.20:582][ 0]LogRHI: GL_MAX_COMBINED_TEXTURE_IMAGE_UNITS: 32
D/UE4 (17840): [2015.04.24-00.39.20:582][ 0]LogRHI: GL_MAX_VERTEX_ATTRIBS: 16
D/UE4 (17840): [2015.04.24-00.39.20:582][ 0]LogRHI: GL_MAX_TEXTURE_MAX_ANISOTROPY_EXT: 16
D/UE4 (17840): [2015.04.24-00.39.20:582][ 0]LogRHI: OpenGL MajorVersion = 2, MinorVersion = 0, ShaderPlatform = GLSL_ES2, FeatureLevel = ES2
D/UE4 (17840): [2015.04.24-00.39.20:582][ 0]LogRHI: PLATFORM_ANDROID
D/UE4 (17840): [2015.04.24-00.39.20:582][ 0]LogRHI:Display: Testing for shader compiler compatibility
D/UE4 (17840): [2015.04.24-00.39.20:582][ 0]LogRHI:Display: Shaders compile fine no need to enable hacks
D/UE4 (17840): [2015.04.24-00.39.20:583][ 0]LogTextLocalizationManager: The requested culture ('en_US') has no localization data; parent culture's ('en') localization data will be used.
D/UE4 (17840): [2015.04.24-00.39.20:613][ 0]LogObj: 20254 objects as part of root set at end of initial load.
D/UE4 (17840): [2015.04.24-00.39.20:613][ 0]LogUObjectAllocator: 2970948 out of 0 bytes used by permanent object pool.
D/UE4 (17840): [2015.04.24-00.39.20:613][ 0]LogAndroid:Display: Passed PreInit()
D/UE4 (17840): [2015.04.24-00.39.20:614][ 0]LogEngine: Initializing Engine...
D/UE4 (17840): [2015.04.24-00.39.20:667][ 0]LogAndroidAudio:Warning: SL Entered Init HW
D/UE4 (17840): [2015.04.24-00.39.20:667][ 0]LogAndroidAudio:Warning: OpenSLES Initializing HW
D/UE4 (17840): [2015.04.24-00.39.20:667][ 0]LogAndroidAudio:Warning: OpenSLES Initialized
D/UE4 (17840): [2015.04.24-00.39.20:667][ 0]LogAndroidAudio:Warning: OpenSLAudioDevice: Allocated 12 sources
D/UE4 (17840): [2015.04.24-00.39.20:667][ 0]LogInit: FAudioDevice initialized.
D/UE4 (17840): [2015.04.24-00.39.20:668][ 0]LogInit: Texture streaming: Disabled
D/UE4 (17840): [2015.04.24-00.39.20:674][ 0]LogInit: Using libcurl 7.34.0
D/UE4 (17840): [2015.04.24-00.39.20:674][ 0]LogInit: - built for arm-unknown-linux-androideabi
D/UE4 (17840): [2015.04.24-00.39.20:674][ 0]LogInit: - supports SSL with OpenSSL/1.0.1f
D/UE4 (17840): [2015.04.24-00.39.20:674][ 0]LogInit: - supports HTTP deflate (compression) using libz 1.2.8-linuxfoundation-mods-v1
D/UE4 (17840): [2015.04.24-00.39.20:674][ 0]LogInit: - other features:
D/UE4 (17840): [2015.04.24-00.39.20:674][ 0]LogInit: CURL_VERSION_SSL
D/UE4 (17840): [2015.04.24-00.39.20:674][ 0]LogInit: CURL_VERSION_LIBZ
D/UE4 (17840): [2015.04.24-00.39.20:674][ 0]LogInit: CURL_VERSION_TLSAUTH_SRP
D/UE4 (17840): [2015.04.24-00.39.20:675][ 0]LogInit: CurlRequestOptions (configurable via config and command line):
D/UE4 (17840): [2015.04.24-00.39.20:675][ 0]LogInit: - bVerifyPeer = true - Libcurl will verify peer certificate
D/UE4 (17840): [2015.04.24-00.39.20:675][ 0]LogInit: - bUseHttpProxy = false - Libcurl will NOT use HTTP proxy
D/UE4 (17840): [2015.04.24-00.39.20:675][ 0]LogInit: - bDontReuseConnections = false - Libcurl will reuse connections
D/UE4 (17840): [2015.04.24-00.39.20:675][ 0]LogInit: - CertBundlePath = nullptr - Libcurl will use whatever was configured at build time.
D/UE4 (17840): [2015.04.24-00.39.20:688][ 0]LogNet: Browse: /Game/Maps/MainMenu?Name=Player
D/UE4 (17840): [2015.04.24-00.39.20:688][ 0]LogLoad: LoadMap: /Game/Maps/MainMenu?Name=Player
D/UE4 (17840): [2015.04.24-00.39.20:766][ 0]LogMemory: Platform Memory Stats for Android
D/UE4 (17840): [2015.04.24-00.39.20:766][ 0]LogMemory: Process Physical Memory: 0.00 MB used, 0.00 MB peak
D/UE4 (17840): [2015.04.24-00.39.20:766][ 0]LogMemory: Process Virtual Memory: 0.00 MB used, 0.00 MB peak
D/UE4 (17840): [2015.04.24-00.39.20:766][ 0]LogMemory: Physical Memory: 0.00 MB used, 2883.46 MB total
D/UE4 (17840): [2015.04.24-00.39.20:766][ 0]LogMemory: Virtual Memory: 0.00 MB used, 0.00 MB total
D/UE4 (17840): [2015.04.24-00.39.20:767][ 0]LogMemory:
D/UE4 (17840): [2015.04.24-00.39.20:768][ 0]LogMemory: Allocator Stats for binned:
D/UE4 (17840): [2015.04.24-00.39.20:768][ 0]LogMemory: Current Memory 22.95 MB used, plus 1.73 MB waste
D/UE4 (17840): [2015.04.24-00.39.20:768][ 0]LogMemory: Peak Memory 31.84 MB used, plus 1.54 MB waste
D/UE4 (17840): [2015.04.24-00.39.20:768][ 0]LogMemory: Current OS Memory 24.68 MB, peak 33.38 MB
D/UE4 (17840): [2015.04.24-00.39.20:768][ 0]LogMemory: Current Waste 0.39 MB, peak 0.78 MB
D/UE4 (17840): [2015.04.24-00.39.20:769][ 0]LogMemory: Current Used 22.95 MB, peak 31.84 MB
D/UE4 (17840): [2015.04.24-00.39.20:769][ 0]LogMemory: Current Slack 0.61 MB
D/UE4 (17840): [2015.04.24-00.39.20:769][ 0]LogMemory: Allocs 98402 Current / 585582 Total
D/UE4 (17840): [2015.04.24-00.39.20:769][ 0]LogMemory:
D/UE4 (17840): [2015.04.24-00.39.20:769][ 0]LogMemory: Block Size Num Pools Max Pools Cur Allocs Total Allocs Min Req Max Req Mem Used Mem Slack Mem Waste Efficiency
D/UE4 (17840): [2015.04.24-00.39.20:769][ 0]LogMemory: ---------- --------- --------- ---------- ------------ ------- ------- -------- --------- --------- ----------
D/UE4 (17840): [2015.04.24-00.39.20:769][ 0]LogMemory: 8 1 1 1376 6299 8 8 10K 54K 0K 100.00%
D/UE4 (17840): [2015.04.24-00.39.20:769][ 0]LogMemory: 16 7 7 27356 127308 16 16 427K 21K 0K 100.00%
D/UE4 (17840): [2015.04.24-00.39.20:769][ 0]LogMemory: 32 3 3 4622 16315 24 32 144K 48K 19K 90.10%
D/UE4 (17840): [2015.04.24-00.39.20:769][ 0]LogMemory: 48 9 9 10712 23358 40 48 502K 74K 21K 96.35%
D/UE4 (17840): [2015.04.24-00.39.20:770][ 0]LogMemory: 64 6 6 5528 14194 56 64 345K 39K 16K 95.83%
D/UE4 (17840): [2015.04.24-00.39.20:770][ 0]LogMemory: 80 6 6 4169 11719 72 80 325K 59K 14K 96.35%
D/UE4 (17840): [2015.04.24-00.39.20:770][ 0]LogMemory: 96 26 26 17123 33836 88 96 1605K 58K 57K 96.57%
D/UE4 (17840): [2015.04.24-00.39.20:770][ 0]LogMemory: 112 6 10 3224 20963 104 112 352K 32K 11K 97.14%
D/UE4 (17840): [2015.04.24-00.39.20:770][ 0]LogMemory: 128 9 9 4589 19348 120 128 573K 3K 18K 96.88%
D/UE4 (17840): [2015.04.24-00.39.20:770][ 0]LogMemory: 160 6 7 2407 30958 136 160 376K 8K 28K 92.71%
D/UE4 (17840): [2015.04.24-00.39.20:771][ 0]LogMemory: 192 6 7 1971 23142 168 192 369K 15K 19K 95.05%
D/UE4 (17840): [2015.04.24-00.39.20:771][ 0]LogMemory: 224 4 6 1044 20705 200 224 228K 28K 13K 94.92%
D/UE4 (17840): [2015.04.24-00.39.20:771][ 0]LogMemory: 256 19 33 4808 30908 232 256 1202K 14K 53K 95.64%
D/UE4 (17840): [2015.04.24-00.39.20:771][ 0]LogMemory: 288 14 14 3043 20964 264 288 855K 39K 41K 95.42%
D/UE4 (17840): [2015.04.24-00.39.20:771][ 0]LogMemory: 320 4 4 623 19449 296 320 194K 61K 8K 96.88%
D/UE4 (17840): [2015.04.24-00.39.20:771][ 0]LogMemory: 384 7 7 1114 53734 328 384 417K 30K 29K 93.53%
D/UE4 (17840): [2015.04.24-00.39.20:771][ 0]LogMemory: 448 6 6 838 48336 392 448 366K 18K 25K 93.49%
D/UE4 (17840): [2015.04.24-00.39.20:772][ 0]LogMemory: 512 5 5 534 22701 456 512 267K 53K 16K 95.00%
D/UE4 (17840): [2015.04.24-00.39.20:772][ 0]LogMemory: 576 5 5 471 14594 520 576 264K 54K 14K 95.62%
D/UE4 (17840): [2015.04.24-00.39.20:772][ 0]LogMemory: 640 9 9 832 8288 584 640 520K 54K 24K 95.83%
D/UE4 (17840): [2015.04.24-00.39.20:772][ 0]LogMemory: 704 4 4 358 3124 648 704 246K 10K 12K 95.31%
D/UE4 (17840): [2015.04.24-00.39.20:772][ 0]LogMemory: 768 3 3 179 1062 712 768 134K 58K 5K 97.40%
D/UE4 (17840): [2015.04.24-00.39.20:772][ 0]LogMemory: 896 4 4 246 2251 776 896 215K 41K 16K 93.75%
D/UE4 (17840): [2015.04.24-00.39.20:772][ 0]LogMemory: 1024 5 6 305 3081 904 1024 305K 15K 18K 94.38%
D/UE4 (17840): [2015.04.24-00.39.20:772][ 0]LogMemory: 1168 5 5 229 769 1032 1168 261K 59K 11K 96.56%
D/UE4 (17840): [2015.04.24-00.39.20:772][ 0]LogMemory: 1360 2 2 93 226 1176 1360 123K 5K 7K 94.53%
D/UE4 (17840): [2015.04.24-00.39.20:773][ 0]LogMemory: 1632 4 4 99 1264 1368 1632 157K 98K 10K 96.09%
D/UE4 (17840): [2015.04.24-00.39.20:773][ 0]LogMemory: 2048 4 5 123 315 1640 2048 246K 10K 23K 91.02%
D/UE4 (17840): [2015.04.24-00.39.20:773][ 0]LogMemory: 2336 2 2 39 222 2056 2328 88K 40K 4K 96.88%
D/UE4 (17840): [2015.04.24-00.39.20:773][ 0]LogMemory: 2720 2 2 37 948 2344 2720 98K 30K 9K 92.97%
D/UE4 (17840): [2015.04.24-00.39.20:773][ 0]LogMemory: 3264 3 4 53 869 2728 3264 168K 24K 8K 95.83%
D/UE4 (17840): [2015.04.24-00.39.20:773][ 0]LogMemory: 4096 3 4 48 848 3280 4096 192K 0K 22K 88.54%
D/UE4 (17840): [2015.04.24-00.39.20:773][ 0]LogMemory: 4672 2 2 17 1347 4104 4672 77K 51K 8K 93.75%
D/UE4 (17840): [2015.04.24-00.39.20:773][ 0]LogMemory: 5456 3 3 27 129 4680 5416 143K 49K 13K 93.23%
D/UE4 (17840): [2015.04.24-00.39.20:773][ 0]LogMemory: 6544 2 2 20 96 5464 6528 127K 1K 11K 91.41%
D/UE4 (17840): [2015.04.24-00.39.20:773][ 0]LogMemory: 8192 5 5 35 854 6560 8192 280K 40K 19K 94.06%
D/UE4 (17840): [2015.04.24-00.39.20:774][ 0]LogMemory: 9360 5 6 35 71 8200 9360 319K 1K 24K 92.50%
D/UE4 (17840): [2015.04.24-00.39.20:774][ 0]LogMemory: 10912 2 2 10 39 9408 10600 106K 22K 9K 92.97%
D/UE4 (17840): [2015.04.24-00.39.20:774][ 0]LogMemory: 13104 1 1 1 20 11480 13056 12K 52K 0K 100.00%
D/UE4 (17840): [2015.04.24-00.39.20:774][ 0]LogMemory: 16384 4 6 13 109 13120 16384 208K 48K 10K 96.09%
D/UE4 (17840): [2015.04.24-00.39.20:774][ 0]LogMemory: 21840 2 4 6 42 16456 21560 127K 1K 14K 89.06%
D/UE4 (17840): [2015.04.24-00.39.20:774][ 0]LogMemory: 32768 4 5 7 62 21904 31896 224K 32K 48K 81.25%
D/UE4 (17840): [2015.04.24-00.39.20:774][ 0]LogMemory:
D/UE4 (17840): [2015.04.24-00.39.20:775][ 0]LogMemory: 14656K allocated in pools (with 1449K slack and 727K waste). Efficiency 95.04%
D/UE4 (17840): [2015.04.24-00.39.20:775][ 0]LogMemory: Allocations 98365 Current / 584868 Total (in 229 pools)
D/UE4 (17840): [2015.04.24-00.39.20:775][ 0]LogMemory:
D/UE4 (17840): [2015.04.24-00.39.20:835][ 0]LogLinker:Warning: Can't find file '/Game/BubbleGameMode'
D/UE4 (17840): [2015.04.24-00.39.20:835][ 0]LogUObjectGlobals:Warning: Failed to load '/Game/BubbleGameMode': Can't find file '/Game/BubbleGameMode'
D/UE4 (17840): [2015.04.24-00.39.20:836][ 0]LogLinker:Warning: Can't find file '/Game/BubbleGameMode'
D/UE4 (17840): [2015.04.24-00.39.20:836][ 0]LogUObjectGlobals:Warning: Failed to load '/Game/BubbleGameMode': Can't find file '/Game/BubbleGameMode'
D/UE4 (17840): [2015.04.24-00.39.20:836][ 0]LogUObjectGlobals:Warning: Failed to find object 'Class /Game/BubbleGameMode.BubbleGameMode_C'
D/UE4 (17840): [2015.04.24-00.39.20:836][ 0]LogWorld: Game class is 'GameMode'
D/UE4 (17840): [2015.04.24-00.39.20:848][ 0]LogModuleManager:Warning: ModuleManager: Module 'GameplayDebugger' not found - its StaticallyLinkedModuleInitializers function is null.
D/UE4 (17840): [2015.04.24-00.39.20:848][ 0]LogAIModule: Creating AISystem for world MainMenu
D/UE4 (17840): [2015.04.24-00.39.20:850][ 0]LogWorld: Bringing World /Game/Maps/MainMenu.MainMenu up for play (max tick rate 0) at 2015.04.23-17.39.20
D/UE4 (17840): [2015.04.24-00.39.20:850][ 0]LogWorld: Bringing up level for play took: 0.002044
D/UE4 (17840): [2015.04.24-00.39.20:851][ 0]LogOnline:Display: FOnlineIdentityAndroid::GetPlayerNickname
D/UE4 (17840): [2015.04.24-00.39.20:851][ 0]LogGameMode: Warning - PATHS NOT DEFINED or NO PLAYERSTART with positive rating
D/UE4 (17840): [2015.04.24-00.39.20:885][ 0]LogInit:Display: Game Engine Initialized.
E/MediaPlayer(17840): stop called in state 1
E/MediaPlayer(17840): error (-38, 0)
E/MediaPlayer(17840): Error (-38,0)
D/UE4 (17840): [2015.04.24-00.39.20:942][ 0]LogAndroid: Passed GEngineLoop.Init()
D/UE4 (17840): [2015.04.24-00.39.20:942][ 0]LogAndroidEvents:Display: DequeueAppEvent : 9, 0
D/UE4 (17840): [2015.04.24-00.39.20:942][ 0]LogAndroidEvents:Display: DequeueAppEvent : 7, 0
D/UE4 (17840): [2015.04.24-00.39.20:942][ 0]LogAndroidEvents:Display: DequeueAppEvent : 0, 1901880872
D/UE4 (17840): [2015.04.24-00.39.20:942][ 0]LogAndroidEvents:Display: DequeueAppEvent : 2, 1901880872
D/UE4 (17840): [2015.04.24-00.39.20:942][ 0]LogAndroidEvents:Display: ExecWindowChanged : width: 1280, height: 720
D/UE4 (17840): [2015.04.24-00.39.20:943][ 0]LogAndroidEvents:Display: DequeueAppEvent : 11, 0
D/UE4 (17840): [2015.04.24-00.39.20:943][ 0]LogAndroidEvents:Display: ExecWindowCreated
D/UE4 (17840): [2015.04.24-00.39.20:943][ 0]LogAndroidEvents:Display: DequeueAppEvent : 12, 0
