D/UE4 (17840): [2015.04.24-00.39.20:943][ 0]LogAndroidEvents:Display: DequeueAppEvent : 6, 0
D/UE4 (17840): [2015.04.24-00.39.20:949][ 0]LogAndroidEvents:Display: DequeueAppEvent : 10, 0
E/ViewRootImpl(17874): Attempting to destroy the window while drawing!
E/ViewRootImpl(17874): window=android.view.ViewRootImpl@427c83b0, title=
I/ActivityManager( 810): START u0 {act=com.google.android.gms.common.account.CHOOSE_ACCOUNT flg=0x20000000 pkg=com.google.android.gms cmp=com.google.android.gms/.common.account.AccountPickerActivity (has extras)} from pid 17874
I/ActivityManager( 810): Displayed com.google.android.gms/.common.account.AccountPickerActivity: +262ms
I/Timeline(17874): Timeline: Activity_idle id: android.os.BinderProxy@427e8af8 time:158419843
I/Timeline( 810): Timeline: Activity_windows_visible id: ActivityRecord{41f3f020 u0 com.google.android.gms/.common.account.AccountPickerActivity t75} time:158420049
D/ChimeraSrvcProxy( 1797): Creating service proxy ComponentInfo{com.google.android.gms/com.google.android.gms.games.chimera.GamesSignInIntentServiceProxy}
D/ChimeraSrvcProxy( 1797): Proxying container service ComponentInfo{com.google.android.gms/com.google.android.gms.games.chimera.GamesSignInIntentServiceProxy} to Chimera service impl com.google.android.gms.games.service.GamesSignInIntentService
D/ChimeraCfgMgr( 1797): Loading module com.google.android.gms.games from APK com.google.android.gms
V/AccountUtils( 1797): 0 accounts found with uca feature
V/AuthAccountOperation( 1797): offline access is not requested; requesting access token
I/Timeline(17874): Timeline: Activity_idle id: android.os.BinderProxy@425b49f0 time:158421943
I/GLSUser ( 1263): [GLSUser] getTokenFromCache: [account: , callingPkg: com.enchantedage.supercellpop1, service: oauth2:https://www.googleapis.com/auth/games]
I/Auth.Core( 1263): [TokenCache] Missing snowballing token: no granted scopes set.
I/GLSUser ( 1263): [GLSUser] getTokenFromGoogle [account: , callingPkg: com.enchantedage.supercellpop1, service: oauth2:https://www.googleapis.com/auth/games
I/qdhwcomposer( 220): validateAndApplyROI: Resetting ROI due to scaling
I/qdhwcomposer( 220): validateAndApplyROI: Resetting ROI due to scaling
I/qdhwcomposer( 220): validateAndApplyROI: Resetting ROI due to scaling
I/GLSUser ( 1263): [GLSUser] getAuthtoken(, oauth2:https://www.googleapis.com/auth/games) -> status: null)
I/GLSUser ( 1263): [GLSUser] Extracting token using key: Auth
I/qdhwcomposer( 220): validateAndApplyROI: Resetting ROI due to scaling
I/qdhwcomposer( 220): validateAndApplyROI: Resetting ROI due to scaling
I/qdhwcomposer( 220): validateAndApplyROI: Resetting ROI due to scaling
I/qdhwcomposer( 220): validateAndApplyROI: Resetting ROI due to scaling
I/qdhwcomposer( 220): validateAndApplyROI: Resetting ROI due to scaling
I/qdhwcomposer( 220): validateAndApplyROI: Resetting ROI due to scaling
W/GLSUser ( 1263): [GLSUser] Permission for com.enchantedage.supercellpop1 to access oauth2:https://www.googleapis.com/auth/games will be managed remotely.
I/qdhwcomposer( 220): validateAndApplyROI: Resetting ROI due to scaling
I/qdhwcomposer( 220): validateAndApplyROI: Resetting ROI due to scaling
V/AuthAccountOperation( 1797): access token request successful
I/qdhwcomposer( 220): validateAndApplyROI: Resetting ROI due to scaling
I/qdhwcomposer( 220): validateAndApplyROI: Resetting ROI due to scaling
I/qdhwcomposer( 220): validateAndApplyROI: Resetting ROI due to scaling
I/qdhwcomposer( 220): validateAndApplyROI: Resetting ROI due to scaling
I/GLSUser ( 1263): [GLSUser] getTokenFromCache: [account: , callingPkg: com.google.android.gms, service: oauth2:https://www.googleapis.com/auth/games.firstparty]
I/Auth.Core( 1263): [TokenCache] Missing snowballing token: no granted scopes set.
I/qdhwcomposer( 220): validateAndApplyROI: Resetting ROI due to scaling
I/qdhwcomposer( 220): validateAndApplyROI: Resetting ROI due to scaling
I/qdhwcomposer( 220): validateAndApplyROI: Resetting ROI due to scaling
I/qdhwcomposer( 220): validateAndApplyROI: Resetting ROI due to scaling
I/qdhwcomposer( 220): validateAndApplyROI: Resetting ROI due to scaling
I/qdhwcomposer( 220): validateAndApplyROI: Resetting ROI due to scaling
I/qdhwcomposer( 220): validateAndApplyROI: Resetting ROI due to scaling
I/qdhwcomposer( 220): validateAndApplyROI: Resetting ROI due to scaling
I/qdhwcomposer( 220): validateAndApplyROI: Resetting ROI due to scaling
I/qdhwcomposer( 220): validateAndApplyROI: Resetting ROI due to scaling
I/qdhwcomposer( 220): validateAndApplyROI: Resetting ROI due to scaling
I/qdhwcomposer( 220): validateAndApplyROI: Resetting ROI due to scaling
I/qdhwcomposer( 220): validateAndApplyROI: Resetting ROI due to scaling
I/qdhwcomposer( 220): validateAndApplyROI: Resetting ROI due to scaling
I/qdhwcomposer( 220): validateAndApplyROI: Resetting ROI due to scaling
I/qdhwcomposer( 220): validateAndApplyROI: Resetting ROI due to scaling
I/qdhwcomposer( 220): validateAndApplyROI: Resetting ROI due to scaling
I/qdhwcomposer( 220): validateAndApplyROI: Resetting ROI due to scaling
I/qdhwcomposer( 220): validateAndApplyROI: Resetting ROI due to scaling
I/GLSUser ( 1263): [GLSUser] getTokenFromCache: [account: , callingPkg: com.enchantedage.supercellpop1, service: oauth2:https://www.googleapis.com/auth/games]
I/qdhwcomposer( 220): validateAndApplyROI: Resetting ROI due to scaling
I/Auth.Core( 1263): [TokenCache] Missing snowballing token: no granted scopes set.
I/qdhwcomposer( 220): validateAndApplyROI: Resetting ROI due to scaling
I/qdhwcomposer( 220): validateAndApplyROI: Resetting ROI due to scaling
I/qdhwcomposer( 220): validateAndApplyROI: Resetting ROI due to scaling
I/qdhwcomposer( 220): validateAndApplyROI: Resetting ROI due to scaling
I/qdhwcomposer( 220): validateAndApplyROI: Resetting ROI due to scaling
I/qdhwcomposer( 220): validateAndApplyROI: Resetting ROI due to scaling
I/qdhwcomposer( 220): validateAndApplyROI: Resetting ROI due to scaling
I/qdhwcomposer( 220): validateAndApplyROI: Resetting ROI due to scaling
I/qdhwcomposer( 220): validateAndApplyROI: Resetting ROI due to scaling
I/qdhwcomposer( 220): validateAndApplyROI: Resetting ROI due to scaling
I/qdhwcomposer( 220): validateAndApplyROI: Resetting ROI due to scaling
I/qdhwcomposer( 220): validateAndApplyROI: Resetting ROI due to scaling
I/qdhwcomposer( 220): validateAndApplyROI: Resetting ROI due to scaling
I/qdhwcomposer( 220): validateAndApplyROI: Resetting ROI due to scaling
I/qdhwcomposer( 220): validateAndApplyROI: Resetting ROI due to scaling
I/qdhwcomposer( 220): validateAndApplyROI: Resetting ROI due to scaling
I/qdhwcomposer( 220): validateAndApplyROI: Resetting ROI due to scaling
I/qdhwcomposer( 220): validateAndApplyROI: Resetting ROI due to scaling
I/qdhwcomposer( 220): validateAndApplyROI: Resetting ROI due to scaling
I/qdhwcomposer( 220): validateAndApplyROI: Resetting ROI due to scaling
I/qdhwcomposer( 220): validateAndApplyROI: Resetting ROI due to scaling
I/qdhwcomposer( 220): validateAndApplyROI: Resetting ROI due to scaling
I/GLSUser ( 1263): [GLSUser] getTokenFromCache: [account: , callingPkg: com.google.android.gms, service: oauth2:https://www.googleapis.com/auth/games.firstparty]
E/GamesNativeSDK(17840): Received unexpected UI result.
V/GamesNativeSDK(17840): Received Activity Resume Event.
D/UE4 (17840): OnAppCommandCB cmd: 11
D/UE4 (17840): LogAndroidEvents: EnqueueAppEvent : 7, 0
D/UE4 (17840): [2015.04.24-00.39.27:187][ 0]LogAndroid: Case APP_CMD_RESUME
D/UE4 (17840): [2015.04.24-00.39.27:187][ 0]LogAndroidEvents:Display: DequeueAppEvent : 7, 0
I/Auth.Core( 1263): [TokenCache] Missing snowballing token: no granted scopes set.
V/PhoneStatusBar( 1017): setLightsOn(true)
D/UE4 (17840): OnAppCommandCB cmd: 6
D/UE4 (17840): LogAndroidEvents: EnqueueAppEvent : 11, 0
D/ChimeraSrvcProxy( 1797): Creating service proxy ComponentInfo{com.google.android.gms/com.google.android.gms.games.chimera.GamesAndroidServiceProxy}
D/ChimeraSrvcProxy( 1797): Proxying container service ComponentInfo{com.google.android.gms/com.google.android.gms.games.chimera.GamesAndroidServiceProxy} to Chimera service impl com.google.android.gms.games.service.GamesAndroidService
D/ChimeraCfgMgr( 1797): Loading module com.google.android.gms.games from APK com.google.android.gms
I/Timeline(17840): Timeline: Activity_idle id: android.os.BinderProxy@425b3ad0 time:158423003
D/UE4 (17840): [2015.04.24-00.39.27:236][ 0]LogAndroid: Case APP_CMD_GAINED_FOCUS
I/ActivityManager( 810): Killing 17631:com.android.chrome:privileged_process1/u0a40 (adj 10): empty #17
D/ChimeraSrvcProxy( 1797): Creating service proxy ComponentInfo{com.google.android.gms/com.google.android.gms.games.chimera.GamesAsyncServiceProxy}
D/ChimeraSrvcProxy( 1797): Proxying container service ComponentInfo{com.google.android.gms/com.google.android.gms.games.chimera.GamesAsyncServiceProxy} to Chimera service impl com.google.android.gms.games.service.GamesAsyncService
D/ChimeraCfgMgr( 1797): Loading module com.google.android.gms.games from APK com.google.android.gms
W/ActivityManager( 810): Scheduling restart of crashed service com.android.chrome/org.chromium.content.app.PrivilegedProcessService1 in 1000ms
W/ChildProcessConnection(26638): onServiceDisconnected (crash or killed by oom): pid=17631
D/ChildProcessLauncher(26638): Allocator allocated a connection, sandbox: false, slot: 2
I/qdhwcomposer( 220): validateAndApplyROI: Resetting ROI due to scaling
V/Zygote (17917): Switching descriptor 34 to /dev/null
V/Zygote (17917): Switching descriptor 9 to /dev/null
I/ActivityManager( 810): Start proc com.android.chrome:privileged_process2 for service com.android.chrome/org.chromium.content.app.PrivilegedProcessService2: pid=17917 uid=10040 gids={50040, 1006, 3003, 1028, 1015}
D/UE4 (17840): [2015.04.24-00.39.27:311][ 0]LogRenderer:Warning: Reallocating scene render targets to support 1280x720 (Frame:2).
D/ChildProcessLauncher(26638): stopping child connection: pid=17631
V/AuthAccountOperation( 1797): offline access is not requested; requesting access token
D/ChildProcessLauncher(26638): Allocator freed a connection, sandbox: false, slot: 1
D/ChildProcessLauncher(26638): Setting up connection to process: slot=2
D/ActivityThread(17917): handleBindApplication:com.android.chrome:privileged_process2
D/ActivityThread(17917): setTargetHeapUtilization:0.75
D/ActivityThread(17917): setTargetHeapMinFree:2097152
D/UE4 (17840): [2015.04.24-00.39.27:343][ 0]LogAndroidEvents:Display: DequeueAppEvent : 11, 0
I/GLSUser ( 1263): [GLSUser] getTokenFromCache: [account: , callingPkg: com.enchantedage.supercellpop1, service: oauth2:https://www.googleapis.com/auth/games]
I/Auth.Core( 1263): [TokenCache] Missing snowballing token: no granted scopes set.
V/AuthAccountOperation( 1797): access token request successful
I/ChildProcessService(17917): Creating new ChildProcessService pid=17917
D/dalvikvm(17840): Note: class Lcom/google/android/gms/games/internal/IGamesService$Stub; has 186 unimplemented (abstract) methods
V/GamesNativeSDK(17840): Play Games callback indicates connection.
I/GLSUser ( 1263): [GLSUser] getTokenFromCache: [account: , callingPkg: com.enchantedage.supercellpop1, service: oauth2:https://www.googleapis.com/auth/games]
I/Auth.Core( 1263): [TokenCache] Missing snowballing token: no granted scopes set.
I/ActivityManager( 810): Killing 17680:com.android.documentsui/u0a43 (adj 15): empty #17
I/GamesNativeSDK(17840): Successfully connected to Google Play.
V/GamesNativeSDK(17840): WelcomeBack Notification UI should be displayed by GMSCore.
V/GamesNativeSDK(17840): PlayerLevelCache is not being seeded; this is normal on Android.
V/GamesNativeSDK(17840): QuestCache is not being seeded; this is normal on Android.
D/ChildProcessLauncher(26638): on connect callback, pid=17917 context=2141439392
D/ChimeraSrvcProxy( 1797): Creating service proxy ComponentInfo{com.google.android.gms/com.google.android.gms.games.chimera.GamesSyncServiceMainProxy}
D/ChimeraSrvcProxy( 1797): Proxying container service ComponentInfo{com.google.android.gms/com.google.android.gms.games.chimera.GamesSyncServiceMainProxy} to Chimera service impl com.google.android.gms.games.service.GamesSyncServiceMain
D/ChimeraCfgMgr( 1797): Loading module com.google.android.gms.games from APK com.google.android.gms
V/GamesNativeSDK(17840): Automatically seeded achievement cache.
V/GamesNativeSDK(17840): Automatically seeded event cache.
D/dalvikvm(17917): Trying to load lib /data/app-lib/com.android.chrome-1/libchromium_android_linker.so 0x425cf328
D/dalvikvm(17917): Added shared lib /data/app-lib/com.android.chrome-1/libchromium_android_linker.so 0x425cf328
D/UE4 (17840): [2015.04.24-00.39.27:483][ 0]LogOutputDevice:Warning:
D/UE4 (17840): Script Stack:
D/UE4 (17840): MainMenu_C.ExecuteUbergraph_MainMenu
D/UE4 (17840): MainMenu_C.OnSuccess_A0639E4C4B8C92DF3D663CB519EE8D10
D/UE4 (17840): Assertion failed: Object [File:D:\BuildFarm\buildmachine_++depot+UE4-Releases+4.7\Engine\Source\Runtime\Engine\Private\UnrealEngine.cpp] [Line: 7244]
D/UE4 (17840): [2015.04.24-00.39.27:485][ 0]Assertion failed: Assertion failed: Object [File:D:\BuildFarm\buildmachine_++depot+UE4-Releases+4.7\Engine\Source\Runtime\Engine\Private\UnrealEngine.cpp] [Line: 7244]
I/AndroidRuntime(17840): VM exiting with result code 0, cleanup skipped.
V/AccountUtils( 1797): 0 accounts found with uca feature
I/LibraryLoader(17917): Loading chrome
I/ActivityManager( 810): Process com.enchantedage.supercellpop1 (pid 17840) has died.
I/WindowState( 810): WIN DEATH: Window{42005ef0 u0 com.enchantedage.supercellpop1/com.epicgames.ue4.GameActivity}
W/ActivityManager( 810): Force removing ActivityRecord{41e62940 u0 com.enchantedage.supercellpop1/com.epicgames.ue4.GameActivity t75}: app died, no saved state
I/ActivityManager( 810): Config changes=480 {1.0 310mcc410mnc en_US ldltr sw360dp w360dp h615dp 480dpi nrml long port finger -keyb/v/h -nav/h s.96 themeResource=null}
I/InputReader( 810): Reconfiguring input devices. changes=0x00000004
I/InputReader( 810): Device reconfigured: id=5, name='synaptics-rmi-ts', size 1080x1920, orientation 0, mode 1, display id 0
D/PhoneStatusBar( 1017): mSettingsPanelGravity = 55
I/LibraryLoader(17917): Time to load native libraries: 83 ms (timestamps 3276-3359)
I/LibraryLoader(17917): Expected native library version number "42.0.2311.109",actual native library version number "42.0.2311.109"
I/chromium(17917): [INFO:library_loader_hooks.cc(112)] Chromium logging enabled: level = 0, default verbosity = 0
I/Adreno-EGL(17917): : EGL 1.4 QUALCOMM build: AU_LINUX_ANDROID_LNX.LA.3.5.2.2_RB1.04.04.04.087.028_msm8974_LNX.LA.3.5.2.2_RB1__release_AU ()
I/Adreno-EGL(17917): OpenGL ES Shader Compiler Version: E031.24.00.15
I/Adreno-EGL(17917): Build Date: 07/31/14 Thu I/Adreno-EGL(17917): Local Branch:
I/Adreno-EGL(17917): Remote Branch: quic/LNX.LA.3.5.2.2_rb1
I/Adreno-EGL(17917): Local Patches: NONE
I/Adreno-EGL(17917): Reconstruct Branch: AU_LINUX_ANDROID_LNX.LA.3.5.2.2_RB1.04.04.04.087.028 + NOTHING
W/Binder ( 1130): Caught a RuntimeException from the binder stub implementation.
W/Binder ( 1130): java.lang.NullPointerException
W/Binder ( 1130): at android.inputmethodservice.IInputMethodWrapper.setSessionEnabled(IInputMethodWrapper.java:280)
W/Binder ( 1130): at com.android.internal.view.IInputMethod$Stub.onTransact(IInputMethod.java:129)
W/Binder ( 1130): at android.os.Binder.execTransact(Binder.java:404)
W/Binder ( 1130): at dalvik.system.NativeStart.run(Native Method)
W/InputMethodManagerService( 810): Got RemoteException sending setActive(false) notification to pid 17840 uid 10162
E/BasePopup( 1797): Cannot show the popup as the given window token is not valid. Either the given view is not attached to a window or you tried to connect the GoogleApiClient in the same lifecycle step as the creation of the GoogleApiClient. See GoogleApiClient.Builder.create() and GoogleApiClient.connect() for more information.
W/WindowManager( 810): Failed looking up window
W/WindowManager( 810): java.lang.IllegalArgumentException: Requested window android.os.BinderProxy@41fe4290 does not exist
W/WindowManager( 810): at com.android.server.wm.WindowManagerService.windowForClientLocked(WindowManagerService.java:8111)
W/WindowManager( 810): at com.android.server.wm.WindowManagerService.addWindow(WindowManagerService.java:2260)
W/WindowManager( 810): at com.android.server.wm.Session.addToDisplay(Session.java:162)
W/WindowManager( 810): at android.view.IWindowSession$Stub.onTransact(IWindowSession.java:111)
W/WindowManager( 810): at com.android.server.wm.Session.onTransact(Session.java:125)
W/WindowManager( 810): at android.os.Binder.execTransact(Binder.java:404)
W/WindowManager( 810): at dalvik.system.NativeStart.run(Native Method)
W/WindowManager( 810): Attempted to add window with token that is not a window: android.os.BinderProxy@41fe4290. Aborting.
I/GLSUser ( 1263): [GLSUser] getTokenFromCache: [account: , callingPkg: com.google.android.gms, service: oauth2:https://www.googleapis.com/auth/games.firstparty]
I/Auth.Core( 1263): [TokenCache] Missing snowballing token: no granted scopes set.
I/Timeline( 1222): Timeline: Activity_idle id: android.os.BinderProxy@41e45db0 time:158423482
I/Timeline( 810): Timeline: Activity_windows_visible id: ActivityRecord{4202abf8 u0 com.cyanogenmod.trebuchet/org.cyanogenmod.trebuchet.CustomHomeLauncher t1} time:158423499
I/GLSUser ( 1263): [GLSUser] getTokenFromCache: [account: , callingPkg: com.google.android.gms, service: oauth2:https://www.googleapis.com/auth/games.firstparty]
I/Auth.Core( 1263): [TokenCache] Missing snowballing token: no granted scopes set.
I/WindowManager( 810): Screen frozen for +345ms due to Window{427906d8 u0 com.android.systemui.ImageWallpaper}
D/MobileDataStateTracker( 810): default: setPolicyDataEnable(enabled=true)
I/Babel ( 3984): Creating RTCS
I/Babel ( 3984): Destroying RTCS
I/Babel ( 3984): Creating RTCS
I/Babel ( 3984): Destroying RTCS
I/Babel ( 3984): Creating RTCS
I/Babel ( 3984): Destroying RTCS